3*b**3 + 222*b**2 + 28*b - 176. What is the ten thousands digit of s(73)?
1
Let g be 0 + (-3)/(-1) + -4 + 2. Suppose -g + 3 = -r, 0 = -2*z + r + 318. What is the tens digit of z?
5
Let v = -3584 + 5292. Let a = v - 975. What is the units digit of a?
3
Let k = 145 - -32. Suppose -d - k = -5*o, 2*o - 50 - 34 = -4*d. Suppose -g = 10 - o. What is the tens digit of g?
2
Let x(c) = 4*c - 42. Let f be x(14). Suppose 17*g - 930 = f*g. What is the hundreds digit of g?
3
Let s = 211673 - 125556. What is the hundreds digit of s?
1
Suppose -51*v = -52*v - 5. What is the units digit of 103 + (-4 - v - -5)?
9
Let p(w) = 6954*w - 825. What is the thousands digit of p(3)?
0
What is the tens digit of (-106)/318 + -8*14299/(-6)?
6
Let a(d) = 295*d**2 - 54*d + 429. What is the hundreds digit of a(10)?
3
Let v(i) = 38*i**3 + 3*i**2 + 9*i + 66. What is the hundreds digit of v(7)?
3
Suppose 4*r = 3*k + 3638 - 22862, -r - 25645 = -4*k. What is the units digit of k?
2
Let s(q) = q**3 + 66*q**2 + 185*q + 68. What is the units digit of s(-37)?
4
Let i = -334 + 565. Suppose -4*m + t = 243, -4*m - 2*t = t + i. Let h = 104 + m. What is the tens digit of h?
4
Let k be (11*9/6)/(3/6). Let d = 11 - 2. What is the units digit of d/2*308/k?
2
Let t(g) = 10*g**2 - 21*g - 367. What is the hundreds digit of t(21)?
6
Let g(k) be the first derivative of 2*k**3/3 - 19*k**2/2 - 37*k - 17. What is the units digit of g(18)?
9
Let x(i) = 26*i - 37. Let d(l) = -21*l + 39. Let y(g) = 4*d(g) + 3*x(g). Let z = -3 - -8. What is the units digit of y(z)?
5
Let p = -437 - -436. What is the hundreds digit of (p - 34*14)*(43 + -44)?
4
Let z be (0 - -3)*42/(-18). Let l(r) = -2*r**2 - 13*r + 7. Let q be l(z). Suppose 7*w - 671 - 162 = q. What is the hundreds digit of w?
1
Let i(g) = -746*g**3 - 35*g**2 - 9*g - 21. What is the units digit of i(-3)?
3
Let x(w) = 2*w**3 - 6*w**2 - 5*w - 10. Suppose -19*v = -13*v - 42. Let s be x(v). Suppose -s = -3*u + 349. What is the hundreds digit of u?
2
Let s(i) = 2*i**3 - 4*i**2 - 2*i + 3. Suppose -d + 0*d + 2 = 0. Suppose 8 = 4*v - d*y, -y = 5*v - 4*y - 9. What is the units digit of s(v)?
5
Let c be 10 + (-87)/9 + (-4220)/6. Let n = c - -1060. What is the tens digit of n?
5
Let d = 9 - 6. Suppose -b - 3*x = 0, 2*b - d*b + 2*x + 15 = 0. Suppose b*o - 1531 = -541. What is the units digit of o?
0
Let n = 14119 + -9551. What is the hundreds digit of n?
5
Let u(w) = 545*w**2 - 200*w - 9. What is the hundreds digit of u(3)?
2
Let a(n) = 394*n**3 - 4*n**2 - 6. Let i(l) = -788*l**3 + 7*l**2 + 11. Let u(o) = 11*a(o) + 6*i(o). What is the units digit of u(-1)?
2
Let k be ((-5)/5)/(-6) - (-3059)/6. Suppose 0*j + 5*j = k. What is the hundreds digit of j?
1
Suppose -169*d - 414*d + 27659040 = -103*d. What is the units digit of d?
3
Let j = -1502 - -4358. Let s = j - 1635. Suppose 12*n = 1683 + s. What is the hundreds digit of n?
2
Let z = -14057 + 21295. What is the tens digit of z?
3
Let h = -2747 + 1400. Let v = -505 - h. What is the tens digit of v?
4
Let b(u) = 13*u**3 + 69*u**2 - 414*u + 13. What is the hundreds digit of b(7)?
9
Suppose 5*q + 0*l = -l - 9, -4*q + 4*l + 12 = 0. Let r = 3 - q. Suppose 3*j + 262 = 5*x + 18, r*x - j - 198 = 0. What is the tens digit of x?
5
Suppose 22*x - 31*x + 306 = 0. Suppose -50*l = -x*l - 2272. What is the units digit of l?
2
Let r = 68 + -64. Suppose -3*k - r + 2 = -2*c, 4*c = -k + 18. Suppose -4*u + 2*n + 28 = -k*n, -u + 3*n + 7 = 0. What is the units digit of u?
7
Suppose -4*s + 3*l - 29 = 0, -4*s - 6*l - 34 = -4*l. What is the tens digit of 4/s - (-26)/(-4)*-53?
4
Let h = 49 + -45. Suppose 2*y - 368 = -4*c, -h*y + 276 = -0*c + 3*c. What is the tens digit of c?
9
Let u(q) = -9*q**2 + 339*q + 71. What is the tens digit of u(33)?
5
Suppose -t = -2*k - 13, -5*t = 11*k - 9*k - 5. What is the hundreds digit of (81*(-2)/8)/(t/(-156))?
0
Let n(x) = -31 - 26 - 18 + 17*x. What is the tens digit of n(38)?
7
Let p be (-4)/(-6) - 3/(-9). Let y be (-184 + p)*1/3. Let t = -17 - y. What is the tens digit of t?
4
Let y be (-18)/21*14/(-4). Suppose -t - 75 = -5*c + 3*t, t = y*c - 38. Suppose 200 = c*z - z. What is the tens digit of z?
2
Let r(h) be the first derivative of -h**4/4 + 2*h**3 + 4*h**2 - 9*h - 2. Let a be (5/2)/((-10)/20 - -1). What is the units digit of r(a)?
6
Suppose 3*j + 60*j = 3601962. What is the tens digit of j?
7
Let s = -363 - -16261. What is the ten thousands digit of s?
1
Let r(s) = s**2 - 222*s + 152. What is the units digit of r(-58)?
2
Let t = 32 - 33. Let w be 6/(-10) - t/(20/92). Suppose -w*d - 2*c + 214 = 0, 0 = d + 3*d - 5*c - 207. What is the units digit of d?
3
What is the thousands digit of ((-320)/(-4))/((-44)/(-9966))?
8
Let t(m) = 13 + m**3 - 15 - 2*m**2 + 36 - 17*m. What is the hundreds digit of t(8)?
2
Let u(p) = 252*p**2 - 21*p - 291. What is the ten thousands digit of u(-9)?
2
Let f(m) = -5*m**3 - 12*m**2 + 34*m + 20. Let t(k) = 9*k**3 + 25*k**2 - 67*k - 41. Let i(y) = 11*f(y) + 6*t(y). What is the tens digit of i(16)?
3
Let b = -2 - -9. Suppose 15*t - 24 = b*t. Suppose 2*p - 4*o = o + 7, 4*p - t*o = 21. What is the units digit of p?
6
Let c be ((-186)/5)/((-36)/(-20) + -2). Suppose -5*r + r - 3*s + 165 = 0, -3*s = -5*r + c. Suppose 8*v - 9*v = -r. What is the units digit of v?
9
Let c(r) = -5*r**3 + r**2 - 1. Let x be c(-1). Suppose 9816 = 13*v - x*v. What is the units digit of 1/(-8) + v/24?
1
Suppose 2*k = 4*k + 54. Let y = -18 - k. Suppose 0 = -y*n + 239 + 580. What is the tens digit of n?
9
Suppose 0 = q - 3, -6*g - 2*q + 761 = -7*g. Let u be (-1 - (-1 + -1))/((-5)/g). Let b = u + -137. What is the tens digit of b?
1
Let u = 84 + -72. Suppose -6*w - 30 = -u*w. What is the units digit of (-5)/w*-175 + -1?
4
Suppose -l = 3*d - 29428, 0 = 5*d + 2*l + 3*l - 49050. What is the hundreds digit of d?
8
Let b = -29 - -31. Suppose -b*f = -0*f + r + 1, -2*r = -6. Let n(z) = -10*z**3 - 2*z**2 - 2*z - 1. What is the units digit of n(f)?
5
Let l(y) = 741*y - 933*y - 1 - 1. Let x be l(2). Let z = -257 - x. What is the units digit of z?
9
Suppose -235073 = -5*g + j, -3*g + 95554 = 3*j - 45461. What is the thousands digit of g?
7
Let p be 576/(-10) + (-2)/5. Let c be 14229/(-81) - (0 + (-4)/(-12)). Let d = p - c. What is the hundreds digit of d?
1
Let v = 1685 - 1485. Suppose 3*u + 7 = -5*t + 26, 0 = 3*u - 9. Suppose 3*i + 3*j - 303 = 0, j + v = t*i + 4*j. What is the hundreds digit of i?
1
Let t(p) = 2*p**2 + 15*p - 5. Suppose 2*v = 4*v + 16. Let y be t(v). Suppose -y*q = -4*q + 88. What is the tens digit of q?
8
Let k = 408 + -635. Let z = k + 381. What is the hundreds digit of z?
1
Let j(w) = -860*w + 575. What is the hundreds digit of j(-11)?
0
Let u = -8391 - -37829. What is the ten thousands digit of u?
2
Let w = 86 - -534. Suppose 0 = -4*c + 5*g + 547 + 73, w = 4*c - 2*g. What is the tens digit of c?
5
Let b(h) be the second derivative of 23/2*h**2 + 5*h + 0 + 2*h**3. What is the hundreds digit of b(7)?
1
Let l be 5/(-10) + (-11)/2. What is the units digit of 5/((-50)/(-758)) + l/(-30)?
6
Let o(z) = -14*z + 222. Let j(w) = 7*w - 110. Let x(y) = 9*j(y) + 4*o(y). What is the units digit of x(23)?
9
Let t(u) = 29*u**2 + 5*u - 22. Let v be t(3). Suppose v*j - 252*j - 436 = 0. What is the units digit of j?
8
Let x = -45329 - -80348. What is the tens digit of x?
1
Suppose 0 = -5*s + 3*s + 2*f - 112, 2*s = 5*f - 124. Let c be s/(27/(-6) - -4). Let l = c - 48. What is the units digit of l?
6
Let l(f) = 79*f**2 + 4*f - 2. Let t be 2/(((-3)/2)/(18/(-8))). What is the tens digit of l(t)?
2
Let d(a) = -2*a**3 + 5*a**2 + 2*a + 5. Let r be d(3). Suppose r*p = -10 + 254. What is the units digit of p?
2
Let s = 483 - -93. Let z = -465 + 465. Suppose 11*p - 2*p - s = z. What is the units digit of p?
4
Suppose -10 = -9*y + 26. What is the hundreds digit of (1052 - 27 - (y + -1))/2?
5
Let a = -4426 + 4912. What is the units digit of a?
6
Let p = -18184 + 26188. What is the thousands digit of p?
8
Let k be (-30)/12*(-2 + 5*-36). Let h = 743 - k. What is the tens digit of h?
8
Suppose 104*p + 916 = 100*p. Let z(o) = -133*o**3 + 2*o**2 - o. Let u be z(1). Let a = u - p. What is the units digit of a?
7
Let g(l) = 16*l - 27. Let r(z) = 3*z - 38. Let v be r(-6). Let n be (v/32)/((-2)/8). What is the tens digit of g(n)?
8
Let d = -19